me?
False
Is 2417083 prime?
True
Is 2250869 prime?
True
Is 230891 prime?
True
Is 229671941 a composite number?
True
Is 16268633 prime?
True
Is 480477031 a prime number?
True
Is 230282483 a composite number?
False
Is 4968671 a composite number?
True
Is 20319191 composite?
True
Is 1727443 a composite number?
True
Is 7122091 a composite number?
False
Is 3584527 composite?
True
Is 8703511 a prime number?
True
Is 31635157 prime?
True
Is 82762985 composite?
True
Is 27621329 a composite number?
False
Is 55147979 prime?
True
Is 1256953 a composite number?
False
Is 11365987 a prime number?
True
Is 4298485 composite?
True
Is 17747617 a composite number?
False
Is 138293501 composite?
True
Is 3655877 composite?
False
Is 3492397 a prime number?
True
Is 4646071 a composite number?
False
Is 10386287 composite?
True
Is 88406359 composite?
False
Is 581531014 a composite number?
True
Is 1058547397 a composite number?
False
Is 25711483 a composite number?
True
Is 38382761 a prime number?
True
Is 47292103 prime?
True
Is 1347457 composite?
False
Is 5093779 a composite number?
True
Is 13124539 a prime number?
False
Is 733559 a composite number?
False
Is 33273229 prime?
False
Is 19398491 prime?
False
Is 50515265 composite?
True
Is 58104659 composite?
True
Is 2401703 composite?
False
Is 7273177 composite?
False
Is 12069851 a composite number?
False
Is 21922553 a prime number?
False
Is 14569967 a prime number?
True
Is 7173889 prime?
True
Is 97596683 a composite number?
False
Is 387911 a prime number?
True
Is 61438331 prime?
True
Is 86840261 composite?
False
Is 5579503 a composite number?
True
Is 36222157 a prime number?
True
Is 19782181 a composite number?
True
Is 21037117 a prime number?
True
Is 21427985 composite?
True
Is 130844773 a composite number?
True
Is 28195549 prime?
False
Is 19013377 a composite number?
False
Is 7774279 a prime number?
True
Is 1139123 composite?
False
Is 33909317 composite?
True
Is 9571207 a prime number?
True
Is 510398997 a composite number?
True
Is 1399261 a prime number?
True
Is 15656669 prime?
False
Is 5887367 a prime number?
True
Is 6892849 prime?
True
Is 790991 composite?
False
Is 22393519 a composite number?
False
Is 15804689 prime?
True
Is 21264149 prime?
True
Is 364289 prime?
True
Is 11149601 composite?
True
Is 177613 composite?
True
Is 67055753 a prime number?
False
Is 22075447 composite?
False
Is 47502349 a prime number?
True
Is 1132843 a prime number?
False
Is 147176849 a composite number?
False
Is 10556449 a composite number?
True
Is 215988559 prime?
True
Is 400469 composite?
True
Is 292573 prime?
True
Is 8851823 composite?
True
Is 1723177 prime?
True
Is 76903163 composite?
True
Is 96265109 composite?
True
Is 54440387 prime?
True
Is 7425017 a prime number?
False
Is 595513 composite?
False
Is 57358541 prime?
True
Is 1453997 a composite number?
False
Is 1102939 prime?
True
Is 35110597 prime?
True
Is 1118893 prime?
True
Is 4006343 prime?
False
Is 43012777 prime?
True
Is 539857 a composite number?
True
Is 74499143 a prime number?
True
Is 29021107 prime?
True
Is 24041447 composite?
False
Is 3889633 composite?
True
Is 8888995 prime?
False
Is 25708343 composite?
False
Is 17045269 a prime number?
False
Is 60444067 prime?
False
Is 330015889 composite?
True
Is 4879601 a composite number?
True
Is 121367569 a composite number?
True
Is 9610921 composite?
True
Is 34528933 composite?
True
Is 174047 prime?
True
Is 33514399 prime?
True
Is 7718707 prime?
True
Is 831722 a composite number?
True
Is 1077497 prime?
False
Is 2890891 a composite number?
True
Is 571991983 a prime number?
False
Is 1458151 a composite number?
False
Is 310080047 prime?
True
Is 38178119 prime?
False
Is 193575313 prime?
False
Is 48353 a composite number?
False
Is 9958831 a prime number?
False
Is 3168141 a prime number?
False
Is 5541691 prime?
False
Is 7424849 a prime number?
True
Is 29478487 prime?
True
Is 21160211 composite?
False
Is 141137359 a composite number?
True
Is 4075387 prime?
False
Is 34744478 prime?
False
Is 162044353 a prime number?
True
Is 703981 prime?
True
Is 15504997 a prime number?
False
Is 157729079 prime?
True
Is 92173 composite?
False
Is 25519217 composite?
True
Is 6527803 a prime number?
True
Is 66606361 composite?
True
Is 2044831 a composite number?
False
Is 423627 a prime number?
False
Is 18995039 prime?
False
Is 2827437 a composite number?
True
Is 592159 prime?
False
Is 468499 a prime number?
True
Is 71965933 prime?
False
Is 1021309 a composite number?
True
Is 100935403 a prime number?
True
Is 13435243 prime?
False
Is 179778871 a composite number?
False
Is 419322511 prime?
True
Is 9101695 a prime number?
False
Is 10196119 prime?
False
Is 473279 a prime number?
True
Is 934259 a composite number?
False
Is 46673449 a composite number?
True
Is 3647923 a composite number?
True
Is 2446581 a prime number?
False
Is 41125027 a composite number?
False
Is 2436233 a composite number?
False
Is 2537081 a prime number?
True
Is 10701091 a composite number?
False
Is 14888681 prime?
True
Is 36237821 composite?
True
Is 1048773737 a composite number?
True
Is 33581005 prime?
False
Is 6553411 a prime number?
False
Is 1083239 a prime number?
False
Is 23592873 a composite number?
True
Is 73088029 a composite number?
True
Is 150915371 composite?
False
Is 200801021 prime?
True
Is 391961 prime?
True
Is 4050187 a prime number?
True
Is 378041 a composite number?
False
Is 17675887 a composite number?
False
Is 612259 composite?
False
Is 6879809 a composite number?
True
Is 124755985 prime?
False
Is 10995797 a prime number?
True
Is 2740087 a prime number?
False
Is 11893823 a composite number?
True
Is 215178983 a prime number?
True
Is 34377659 prime?
True
Is 146567819 a composite number?
True
Is 968919697 a prime number?
True
Is 32074283 a prime number?
True
Is 23138981 a prime number?
True
Is 5150567 prime?
True
Is 2267158 composite?
True
Is 61835651 prime?
False
Is 3207773 a composite number?
True
Is 56062121 a composite number?
True
Is 11505979 a prime number?
False
Is 555299 prime?
False
Is 45768461 a composite number?
False
Is 45616847 a composite number?
False
Is 5038381 prime?
True
Is 115589651 composite?
True
Is 14706883 a composite number?
False
Is 83500177 composite?
False
Is 108866581 a prime number?
False
Is 7700117 composite?
False
Is 19765303 a composite number?
True
Is 605011 prime?
False
Is 61181959 prime?
True
Is 6368977 a composite number?
False
Is 29748263 prime?
True
Is 54015911 composite?
True
Is 67193759 prime?
True
Is 17834657 prime?
True
Is 49274501 prime?
False
Is 86353777 a prime number?
False
Is 295385341 a prime number?
False
Is 30372701 composite?
True
Is 1018789 composite?
False
Is 34962533 a composite number?
False
Is 12951247 a prime number?
False
Is 308513641 a prime number?
False
Is 1317839 a composite number?
False
Is 108484001 a composite number?
False
Is 46207166 a composite number?
True
Is 16274891 a composite number?
True
Is 75227431 prime?
False
Is 6491377 a composite number?
False
Is 612869 a prime number?
True
Is 138889 composite?
False
Is 39864221 a prime number?
False
Is 114481753 prime?
False
Is 434659 a prime number?
True
Is 833483 composite?
True
Is 33215723 a prime number?
True
Is 31159961 prime?
False
Is 1053334 a prime number?
False
Is 102588803 a composite number?
False
Is 9573029 a prime number?
True
Is 1075523 composite?
True
Is 1605859 prime?
True
Is 158057491 a prime number?
True
Is 774859 a prime number?
False
Is 1882367 a composite number?
False
Is 25943573 prime?
False
Is 608581 composite?
False
Is 856319 a prime number?
False
Is 12276395 prime?
False
Is 6340135459 composite?
True
Is 87969835 a prime number?
False
Is 64947427 composite?
True
Is 148023443 prime?
True
Is 12316813 a composite number?
False
Is 139823399 a prime number?
True
Is 2544757 prime?
True
Is 132843173 a composite number?
False
Is 65820869 composite?
True
Is 2138405 prime?
False
Is 49054211 a composite number?
False
Is 6244811 a prime number?
True
Is 5970697 prime?
True
Is 7564499 a composite number?
False
Is 9700867 composite?
True
Is 39676781 composite?
True
Is 197679907 composite?
False
Is 57021683 a composite number?
False
Is 2188721 prime?
False
Is 73159 prime?
False
Is 13213337 prime?
False
Is 2988019 a composite number?
False
Is 1809287 prime?
